{"id":937,"date":"2014-11-10T21:36:25","date_gmt":"2014-11-10T19:36:25","guid":{"rendered":"http:\/\/www.brueckenmusik.de\/?page_id=937"},"modified":"2024-08-12T14:14:19","modified_gmt":"2024-08-12T12:14:19","slug":"buch","status":"publish","type":"page","link":"https:\/\/www.brueckenmusik.de\/?page_id=937","title":{"rendered":"Publikation"},"content":{"rendered":"\n<div class=\"wp-block-columns is-layout-flex wp-container-core-columns-is-layout-9d6595d7 wp-block-columns-is-layout-flex\">\n<div class=\"wp-block-column is-layout-flow wp-block-column-is-layout-flow\" style=\"flex-basis:33.33%\">\n<figure class=\"wp-block-image size-full\"><img loading=\"lazy\" decoding=\"async\" width=\"483\" height=\"669\" src=\"https:\/\/www.brueckenmusik.de\/BMs\/wp-content\/uploads\/2024\/06\/BM-DOKU_C.jpg\" alt=\"\" class=\"wp-image-2860\" srcset=\"https:\/\/www.brueckenmusik.de\/BMs\/wp-content\/uploads\/2024\/06\/BM-DOKU_C.jpg 483w, https:\/\/www.brueckenmusik.de\/BMs\/wp-content\/uploads\/2024\/06\/BM-DOKU_C-217x300.jpg 217w\" sizes=\"auto, (max-width: 483px) 100vw, 483px\" \/><\/figure>\n\n\n\n<div style=\"height:50px\" aria-hidden=\"true\" class=\"wp-block-spacer\"><\/div>\n<\/div>\n\n\n\n<div class=\"wp-block-column is-layout-flow wp-block-column-is-layout-flow\" style=\"flex-basis:66.66%\">\n<p><strong>TUBE DUST DRONE <\/strong><br>Br\u00fcckenmusik 1995\u20132015<\/p>\n\n\n\n<p>2016, 224 Seiten, 17\u00d724 cm, 170 Abbildungen,<br>deutsch\/englisch, Broschur, Audio-CD<br>ISBN 978-3-00-052513-1 \/ 29,90 EUR<\/p>\n\n\n\n<p>Ein langer Raum und eine lange Geschichte: Seit \u00fcber 20 Jahren l\u00e4dt die \u201eBr\u00fcckenmusik\u201c die Cr\u00e8me de la Cr\u00e8me der internationalen Klangkunst ins Zwielicht des Hohlkastens, um einer akustisch \u00fcberreichen Umgebung neue Aspekte abzuringen. Die dort entstanden Arbeiten sind oft genauso einzigartig wie der Raum, das Festival eine der \u00e4ltesten Klangkunstveranstaltung Deutschlands. Zeit f\u00fcr einen R\u00fcckblick mit Pauken und Trompeten und einer CD zum Buch, auf der die Br\u00fccke ein langes Solo gibt. (hwk) Mit Beitr\u00e4ge von Hermann-Christoph M\u00fcller, Peter Behrendsen, hans w. koch &amp; Jens Brand, Therapeutische H\u00f6rgruppe K\u00f6ln, Reinhard Thon, Helga de la Motte-Haber, Bill Dietz, Rolf Sachsse, Paul DeMarinis, Hubert Steins sowie eine Chronik der Arbeiten aller bisher beteiligter K\u00fcnstlern\/innen. <\/p>\n\n\n\n<p>Buch erh\u00e4ltlich \u00fcber <a href=\"mailto:news@brueckenmusik.de\">news@brueckenmusik.de<\/a> und im Fachhandel<\/p>\n\n\n\n<p>Die Publikation wurde gef\u00f6rdert durch: Kunststiftung NRW, Stiftung Kunstfonds, Kulturamt der Stadt K\u00f6ln<\/p>\n<\/div>\n<\/div>\n\n\n\n<div class=\"wp-block-columns is-layout-flex wp-container-core-columns-is-layout-9d6595d7 wp-block-columns-is-layout-flex\">\n<div class=\"wp-block-column is-layout-flow wp-block-column-is-layout-flow\">\n<figure class=\"wp-block-image size-large border: 1rem solid;\"><img loading=\"lazy\" decoding=\"async\" width=\"1024\" height=\"723\" src=\"https:\/\/www.brueckenmusik.de\/BMs\/wp-content\/uploads\/2024\/06\/BM-DOKU_3-1024x723.jpg\" alt=\"\" class=\"wp-image-2862\" srcset=\"https:\/\/www.brueckenmusik.de\/BMs\/wp-content\/uploads\/2024\/06\/BM-DOKU_3-1024x723.jpg 1024w, https:\/\/www.brueckenmusik.de\/BMs\/wp-content\/uploads\/2024\/06\/BM-DOKU_3-300x212.jpg 300w, https:\/\/www.brueckenmusik.de\/BMs\/wp-content\/uploads\/2024\/06\/BM-DOKU_3-768x542.jpg 768w, https:\/\/www.brueckenmusik.de\/BMs\/wp-content\/uploads\/2024\/06\/BM-DOKU_3.jpg 1200w\" sizes=\"auto, (max-width: 1024px) 100vw, 1024px\" \/><\/figure>\n\n\n\n<figure class=\"wp-block-image size-large\"><img loading=\"lazy\" decoding=\"async\" width=\"1024\" height=\"732\" src=\"https:\/\/www.brueckenmusik.de\/BMs\/wp-content\/uploads\/2024\/06\/BM-DOKU_6-1024x732.jpg\" alt=\"\" class=\"wp-image-2866\" srcset=\"https:\/\/www.brueckenmusik.de\/BMs\/wp-content\/uploads\/2024\/06\/BM-DOKU_6-1024x732.jpg 1024w, https:\/\/www.brueckenmusik.de\/BMs\/wp-content\/uploads\/2024\/06\/BM-DOKU_6-300x215.jpg 300w, https:\/\/www.brueckenmusik.de\/BMs\/wp-content\/uploads\/2024\/06\/BM-DOKU_6-768x549.jpg 768w, https:\/\/www.brueckenmusik.de\/BMs\/wp-content\/uploads\/2024\/06\/BM-DOKU_6.jpg 1200w\" sizes=\"auto, (max-width: 1024px) 100vw, 1024px\" \/><\/figure>\n<\/div>\n\n\n\n<div class=\"wp-block-column is-layout-flow wp-block-column-is-layout-flow\">\n<figure class=\"wp-block-image size-large border: 1rem solid;\"><img loading=\"lazy\" decoding=\"async\" width=\"1024\" height=\"743\" src=\"https:\/\/www.brueckenmusik.de\/BMs\/wp-content\/uploads\/2024\/06\/BM-DOKU_5-1024x743.jpg\" alt=\"\" class=\"wp-image-2864\" srcset=\"https:\/\/www.brueckenmusik.de\/BMs\/wp-content\/uploads\/2024\/06\/BM-DOKU_5-1024x743.jpg 1024w, https:\/\/www.brueckenmusik.de\/BMs\/wp-content\/uploads\/2024\/06\/BM-DOKU_5-300x218.jpg 300w, https:\/\/www.brueckenmusik.de\/BMs\/wp-content\/uploads\/2024\/06\/BM-DOKU_5-768x557.jpg 768w, https:\/\/www.brueckenmusik.de\/BMs\/wp-content\/uploads\/2024\/06\/BM-DOKU_5.jpg 1199w\" sizes=\"auto, (max-width: 1024px) 100vw, 1024px\" \/><\/figure>\n\n\n\n<figure class=\"wp-block-video\"><video height=\"640\" style=\"aspect-ratio: 360 \/ 640;\" width=\"360\" controls src=\"https:\/\/www.brueckenmusik.de\/BMs\/wp-content\/uploads\/2024\/06\/BM-PUB.mov\"><\/video><\/figure>\n<\/div>\n\n\n\n<div class=\"wp-block-column is-layout-flow wp-block-column-is-layout-flow\">\n<figure class=\"wp-block-image size-large border: 1rem solid;\"><img loading=\"lazy\" decoding=\"async\" width=\"1024\" height=\"705\" src=\"https:\/\/www.brueckenmusik.de\/BMs\/wp-content\/uploads\/2024\/06\/BM-DOKU_4-1024x705.jpg\" alt=\"\" class=\"wp-image-2865\" srcset=\"https:\/\/www.brueckenmusik.de\/BMs\/wp-content\/uploads\/2024\/06\/BM-DOKU_4-1024x705.jpg 1024w, https:\/\/www.brueckenmusik.de\/BMs\/wp-content\/uploads\/2024\/06\/BM-DOKU_4-300x207.jpg 300w, https:\/\/www.brueckenmusik.de\/BMs\/wp-content\/uploads\/2024\/06\/BM-DOKU_4-768x529.jpg 768w, https:\/\/www.brueckenmusik.de\/BMs\/wp-content\/uploads\/2024\/06\/BM-DOKU_4.jpg 1200w\" sizes=\"auto, (max-width: 1024px) 100vw, 1024px\" \/><\/figure>\n<\/div>\n<\/div>\n","protected":false},"excerpt":{"rendered":"<p>TUBE DUST DRONE Br\u00fcckenmusik 1995\u20132015 2016, 224 Seiten, 17\u00d724 cm, 170 Abbildungen,deutsch\/englisch, Broschur, Audio-CDISBN 978-3-00-052513-1 \/ 29,90 EUR Ein langer Raum und eine lange Geschichte: Seit \u00fcber 20 Jahren l\u00e4dt die \u201eBr\u00fcckenmusik\u201c die Cr\u00e8me de la Cr\u00e8me der internationalen Klangkunst ins Zwielicht des Hohlkastens, um einer akustisch \u00fcberreichen Umgebung neue Aspekte abzuringen. Die dort entstanden &#8230; <a title=\"Publikation\" class=\"read-more\" href=\"https:\/\/www.brueckenmusik.de\/?page_id=937\" aria-label=\"Read more about Publikation\">Read more<\/a><\/p>\n","protected":false},"author":1,"featured_media":0,"parent":0,"menu_order":3,"comment_status":"closed","ping_status":"closed","template":"","meta":{"footnotes":""},"class_list":["post-937","page","type-page","status-publish"],"_links":{"self":[{"href":"https:\/\/www.brueckenmusik.de\/index.php?rest_route=\/wp\/v2\/pages\/937","targetHints":{"allow":["GET"]}}],"collection":[{"href":"https:\/\/www.brueckenmusik.de\/index.php?rest_route=\/wp\/v2\/pages"}],"about":[{"href":"https:\/\/www.brueckenmusik.de\/index.php?rest_route=\/wp\/v2\/types\/page"}],"author":[{"embeddable":true,"href":"https:\/\/www.brueckenmusik.de\/index.php?rest_route=\/wp\/v2\/users\/1"}],"replies":[{"embeddable":true,"href":"https:\/\/www.brueckenmusik.de\/index.php?rest_route=%2Fwp%2Fv2%2Fcomments&post=937"}],"version-history":[{"count":4,"href":"https:\/\/www.brueckenmusik.de\/index.php?rest_route=\/wp\/v2\/pages\/937\/revisions"}],"predecessor-version":[{"id":3025,"href":"https:\/\/www.brueckenmusik.de\/index.php?rest_route=\/wp\/v2\/pages\/937\/revisions\/3025"}],"wp:attachment":[{"href":"https:\/\/www.brueckenmusik.de\/index.php?rest_route=%2Fwp%2Fv2%2Fmedia&parent=937"}],"curies":[{"name":"wp","href":"https:\/\/api.w.org\/{rel}","templated":true}]}}